 6*o + 6. Let s be b(-6). Let i be 0*((-21)/s)/(-7). Suppose -3*f + 5*f - 22 = i. What is the units digit of f?
1
Let g(v) = -v**2 + 45*v + 139. What is the tens digit of g(22)?
4
Let q(z) be the second derivative of -4*z - 3/2*z**2 + 0 + 5/6*z**3 - 1/12*z**4. What is the units digit of q(3)?
3
Let z = 1413 + -659. What is the tens digit of z?
5
Let w(l) = 2*l**2 - 20*l - 59. What is the tens digit of w(-8)?
2
Let s be 3/(4 - 10/4). Suppose s*i + 334 = 4*k, 3*k + 5*i - 8*i - 246 = 0. What is the units digit of k?
5
Suppose -5*p + 2033 = 2*m, 0 = m - 0*m - 3*p - 1000. What is the units digit of m?
9
Suppose -4*n - 12 = -7*n. Suppose -2*m - 2 = -n*j, -j + 0*j = -5. What is the units digit of m?
9
Let j(q) = -q**2 + 2. Let s be j(0). What is the tens digit of (1/((-3)/12))/(s/(-10))?
2
Let y = -15 + 109. What is the tens digit of y + (8/2)/(-4)?
9
Suppose 5*o - 9 = 6. Let q(w) = -1 - o + 4*w**3 + 2*w + 6 + 0*w - 4*w**2. What is the units digit of q(2)?
2
Let z = 28 - 27. What is the units digit of (-143)/33*((2 - z) + -40)?
9
Let n = 56 + -58. What is the tens digit of 2 + -2 + (-340)/n?
7
Suppose -4*s + 17*s + 2626 = 0. Let r = s + 345. What is the tens digit of r?
4
Let y(l) = -l**2 - 3*l - 1. Let a be y(-3). Let p be (-2)/a*(-2 - -4). What is the units digit of 2/(3 + (-11)/p)?
8
Let n = 17 - 14. Suppose -v + 79 = 5*a, n*a + 194 = 2*v + 4*a. What is the tens digit of v?
9
Let o(q) = q**3 + 14*q**2 - 22*q - 3. Let x = 23 + -38. What is the tens digit of o(x)?
0
Let m = 45 - 38. What is the units digit of (-16)/56 - (-436)/m?
2
What is the hundreds digit of (-116)/(-4)*(-774)/(-18)?
2
Suppose l - 137 + 67 = 0. Let h = 144 + l. What is the tens digit of h?
1
Let h(l) = -l**2 - 5*l + 6. Suppose 3*a + 24 = -3*n, 15 = -2*a - 5*n - 7. Let g be h(a). Suppose g = 4*s - 80 - 80. What is the tens digit of s?
4
Let r(q) = -5*q**3 - 10*q**2 + 9*q - 20. What is the tens digit of r(-6)?
4
Let s = -36 + 25. Let r(i) = i**3 + i**2 + 1. Let n(g) = 7*g**3 + 18*g**2 + 11*g - 1. Let d(c) = -n(c) + 6*r(c). What is the units digit of d(s)?
7
Let a = -1316 + 2451. What is the hundreds digit of a?
1
Suppose -4209 + 66577 = 16*c. What is the units digit of c?
8
Let k = -8 + 11. Suppose 62 = k*q - 10. What is the units digit of q?
4
Let s be (-1095)/(-12) - (-2)/(-8). Let t = -18 + s. Let n = t - 13. What is the units digit of n?
0
Let b(m) = -54 + 139 - 4*m - 53. What is the units digit of b(-17)?
0
Let z(u) = 15*u**3 - 45*u**2 - 4*u - 36. Let i(s) = -7*s**3 + 22*s**2 + 2*s + 18. Let v(r) = 13*i(r) + 6*z(r). What is the units digit of v(16)?
0
Suppose -26 = -4*n + 3*z, z = -5*n + 18 + 5. Suppose 2 = -2*m, 0 = f - 5*m + 3 + n. Let b = f + 14. What is the units digit of b?
1
What is the tens digit of -2 + 0 - -72 - 3?
6
Let v be (-2)/9 + 474/(-54). Let j be (-14)/21 - 6/v. Suppose -5*q - 31 + 6 = j, -4*x = q - 199. What is the tens digit of x?
5
Let j(o) = o**3 - 8*o**2 + 8*o + 3. Let z be j(7). Let s = -3 + z. What is the units digit of s?
7
What is the tens digit of 2414/3 - 7*5/(-105)?
0
Let d(u) = -u**2 + 8*u - 9. Let h be (-18 + 0)*2/(-6). Let w be d(h). What is the units digit of 8/(-3)*w/(-2)?
4
Let n(v) = -v**2 - 7*v + 10. Let s be n(-9). What is the tens digit of ((-516)/s*(-2 - -6))/1?
5
Let n(k) = -k**2 + 12*k - 15. Let o be n(11). Let w be -6 - (-1 - o/(-2)). What is the units digit of (-1)/w + (-1395)/(-27)?
2
Let w = -18 - -25. Suppose w*s - 657 = -41. What is the units digit of s?
8
Let o(j) = -124*j + 518. What is the thousands digit of o(-33)?
4
Let l = 654 + -101. Let f = 814 - l. What is the tens digit of f?
6
Suppose 2*l - 10 = 0, -5*l - 14 = -2*q - 37. Let v = 65 - q. What is the tens digit of v?
6
Let q = 2038 + -1060. What is the tens digit of q?
7
Let t = -2 + 1. Suppose 0 = 7*q + 9*q - 464. What is the tens digit of 3 - 3 - t*q?
2
Suppose -3*f + 25 = -2*f. Let m = f - 21. Suppose 0 = -2*b + 2*i + 16, 0*i - 4*i = 2*b - m. What is the units digit of b?
6
Let t(v) be the second derivative of v**4/12 + v**3 - 7*v**2 + 3*v. What is the units digit of t(-10)?
6
What is the tens digit of 8/(-6) + (-120)/72 - -1369?
6
Let n = 3 + 2. Suppose -5 - 15 = -n*f. What is the units digit of ((f - 3) + -2)*-2?
2
Let k = 6 - 4. Let f = 136 + -512. What is the tens digit of ((-2)/8)/(k/f)?
4
Suppose 4*s - 10 + 42 = 2*o, -3*o + 48 = -4*s. Let d be 3*5*(o + -15). Suppose -z + 37 - d = 0. What is the units digit of z?
2
Let s be (-2)/(-7) - (-120)/70. Suppose -5*y + 7*i + 1152 = 9*i, -2*i - 458 = -s*y. What is the hundreds digit of y?
2
Let p(d) = 8*d**3 - 7*d**2 + 7*d + 19. Let y(h) = -h**2 + h + 1. Let j(a) = p(a) - 6*y(a). What is the hundreds digit of j(3)?
2
What is the tens digit of (4 + 10/15)*(-333)/(-6)?
5
Suppose 0 = u + 1. Let c be (0 - u)/((-1)/(-74)). Suppose c + 154 = 4*h. What is the tens digit of h?
5
Let l(c) = -40*c - 3. Suppose -6 = 2*s + 4, 0 = -4*j - 5*s - 29. What is the tens digit of l(j)?
3
Let s(p) = -21*p**3 - p**2 + 4*p + 4. What is the hundreds digit of s(-3)?
5
Let w(d) = d**3 + 4*d**2 - 5*d - 7. Let v be w(-5). Let m(n) = -7*n + 15. Let p be m(v). Suppose h = -16 + p. What is the units digit of h?
8
Let y be 1 + -1 + (-13 - -17) + 2. What is the units digit of (-10251)/(-85) - y/10?
0
Suppose -j - 2342 = -5*y, -67*y + 66*y = -2*j - 463. What is the tens digit of y?
6
Let s(t) = -234*t + 38. What is the units digit of s(-1)?
2
Let j(c) be the second derivative of -c**5/20 + 7*c**4/6 - 17*c**3/6 + 3*c**2 - 4*c. What is the hundreds digit of j(5)?
1
Suppose q - 5 = -0*q. What is the tens digit of (44/(-5))/((-1)/q)?
4
Let q(k) = -3*k + 4. Let b be q(5). Let w(f) = -f**3 - 10*f**2 + f - 25. What is the units digit of w(b)?
5
Let p(w) = -w**3 + 13*w**2 - w + 16. Let r be p(13). Suppose r*b + 36 = 9*b. Suppose b*s - s - 165 = 0. What is the tens digit of s?
3
Let h(g) = 2*g + 0*g + 1 - g + 1. Let m be h(0). Suppose 0 = n - v - m, 0*v + v = 2. What is the units digit of n?
4
Let i(m) = 8*m - 1. Suppose 4*l - 2*v - 2 = 0, -4*l + 2*v - 33 = 7*v. Let a be (-3)/l + (-4)/(-8). What is the units digit of i(a)?
5
Suppose 2*p - 3117 = z + 697, 3*p - 5715 = 3*z. What is the tens digit of p?
0
Let b(w) = -w**3 + 5*w**2 + 4*w + 6. Suppose 3*g = -2*g + 30. Let s be b(g). What is the units digit of 2 + (1 + -2 - s)?
7
Let c(i) = -5*i + 19*i**2 - 2*i**3 - 14 - i + 16*i. Let n(f) = -f**3 + 9*f**2 + 5*f - 7. Let p(v) = -3*c(v) + 7*n(v). What is the units digit of p(6)?
3
Suppose -2210 = 67*a - 77*a. What is the units digit of a?
1
Let w = 573 - 248. What is the hundreds digit of w?
3
Let y(q) = -43*q - 150. What is the units digit of y(-9)?
7
Suppose -4294 = -13*c + 3272. What is the units digit of c?
2
Suppose 0 = -3*x + 4*h + 4331 + 1651, 2*h = -4*x + 7976. What is the hundreds digit of x?
9
Let t(r) = r**3 + 12*r**2 + 13*r - 6. Let i be t(-11). Let s = 18 - i. What is the units digit of s?
6
Let k = 492 - 319. Let h = -59 + k. What is the tens digit of h?
1
Suppose -15*l + 120 = -285. Suppose 3*z - 5*o - 113 = 0, -o + l = 5*z - 180. What is the units digit of z?
1
Let w(j) = -58*j - 18. What is the hundreds digit of w(-16)?
9
Let w = -5 + -1. Let s(f) be the second derivative of f**5/20 + f**4/2 - f**3/2 + 5*f**2 - 52*f. What is the units digit of s(w)?
8
Suppose 66*o - 68693 = 14335. What is the units digit of o?
8
Suppose 5*m + 3*t + 25 = 0, -t = 5*m + 3*t + 20. Let i = -32 - m. Let x = i + 41. What is the units digit of x?
7
Let f = 475 + -253. Suppose 2*l = -4*l + f. What is the tens digit of l?
3
Suppose -g - 288 = -3*v, 5*v + 8*g - 460 = 3*g. Suppose -5*w + v = 3*j, -3*w = -2*j + 52 + 24. What is the units digit of j?
5
Suppose 9*y = 670 + 320. What is the units digit of y?
0
Let t = -16 + 8. Let k = t - -8. Suppose -4*v + 8*v - 140 = k. What is the units digit of v?
5
Let y = 5 - -7. Let q be -2 + 8/y*9. Suppose 0 = x - q*x + 81. What is the units digit of x?
7
Suppose -5*f + 12355 = -k, 0*k + 12355 = 5*f - 5*k. What is the units digit of f?
1
Suppose 215 - 3455 = -9*p. What is the tens digit of p?
6
Suppose q = -2*q + 15. Suppose -q*m + 129 = -121. Let s = m + -15. What is the tens digit of s?
3
Suppose -20*s + 28004 - 3384 = 0. What is the thousands digit of s?
1
Suppose -5*k = -3*a - 27, 0*k - 5*a = -2*k + 26. Suppose 5*c - 5*u = 20, 5 = -2*u 